y(7). What is the tens digit of (-5)/((-15)/s) - 2?
2
Let d(x) = -x - 1. Let h(a) = -a - 2. Let p(z) = 3*d(z) - h(z). What is the units digit of p(-2)?
3
Let g(q) = q**3 - 5*q**2 - q. Let f(s) = 5*s**3 - 19*s**2 - 3*s. Let u(p) = 2*f(p) - 9*g(p). What is the units digit of u(-3)?
7
Let r = 5 - 4. Let x = 6 - r. What is the units digit of x?
5
Let z(u) = u**2 - u - 3. Let a = 3 + 0. Suppose a*n = w - 4*w + 9, 5*n = 0. What is the units digit of z(w)?
3
Suppose 3*r = 2*r + 10. Let b = -8 + r. What is the units digit of b?
2
Suppose -2*b + 0*b + 8 = v, -55 = -5*v - 5*b. Let k = v + 32. What is the tens digit of k?
4
Let m be (24/(-36))/((-2)/12). Let y = m - 3. What is the units digit of y?
1
Let r(j) = -7*j - 3. Let b be r(-4). Let u = b - 9. What is the units digit of u?
6
Let b(h) = -h**2 - 6*h + 10. Let v be b(-7). Suppose -f + 2 = -3*z, -v*z + 11 = 4*f + 3. Suppose z*t = 5*t - 60. What is the units digit of t?
2
Let k = -5 - -7. Suppose k*n + 13 = 3*n. Let u = n - 5. What is the units digit of u?
8
Suppose -26 - 19 = -3*a. Let h = a - 11. Suppose -h*w = -45 + 1. What is the units digit of w?
1
Let g(m) = 8*m**2 + 2*m - 1. Let d be g(1). What is the units digit of 3/2*84/d?
4
Let n(c) = -10*c - 2. Suppose -2*m - 1 = 5. What is the units digit of n(m)?
8
Let t be -48*(1 + (-10)/6). Suppose -5*n + n = -t. Suppose -5*f + n = -7. What is the units digit of f?
3
Suppose 4*k = 3*k + 2*w + 7, 0 = -5*k - w - 9. Let p(c) = -c**2 - 4*c + 3. Let s be p(-4). What is the units digit of (-22)/(-3) + k/s?
7
Let t(w) = w**3 + 7*w**2 - 3*w + 3. What is the tens digit of t(-6)?
5
Let k(l) = 2*l + 0*l**2 - 3*l**3 - 2*l**2 + 1 - l**3 + 0*l**3. What is the units digit of k(-2)?
1
Let p(g) be the second derivative of g**4/12 + 5*g**3/3 + 2*g**2 - 2*g. What is the units digit of p(-10)?
4
Let w(z) be the third derivative of -z**4/24 + 11*z**3/6 - 2*z**2. Let j = 11 - 3. What is the units digit of w(j)?
3
Suppose 2*g - 71 = g - 5*a, -2*g = 4*a - 172. What is the units digit of g?
6
Suppose 5*f = 5*o - 155, -14 - 42 = -2*o + 4*f. What is the tens digit of o?
3
Suppose -3*n + 1 = 2*z + 5, -4*n = -4*z - 8. What is the units digit of z - 1 - (-2 + -22)?
1
Let i(v) = -4*v**3 + 4*v**2 + 4*v + 3. Let j be i(-3). Suppose -3*z - 4*u + 79 = 0, -z - 4*z - 5*u = -j. What is the units digit of z?
9
Let v(f) = 8*f - 5*f**3 + 8*f**2 - 7 + 6*f**2 - 2*f**2. Let z(a) = -a**3 + a**2 + a. Let i(d) = v(d) - 6*z(d). What is the units digit of i(-5)?
8
Suppose 0*b = 3*b - 126. What is the tens digit of b?
4
Let z = 9 + -7. Suppose 0 = z*i + 2*h - 36, 0 = -2*i + 5*h - 0*h + 36. What is the units digit of i?
8
Let x(c) = c + 2 + 2 - 2 + c. What is the units digit of x(3)?
8
Suppose 0 = 4*k - 3*g, 4*k + 2*g = -0*g. What is the units digit of (k + (-15)/2)*-2?
5
Let r = 1 - -5. Let y be (r*1)/(-1 + 3). Suppose -6*s + s + 2*d = -32, 5*d = -y*s + 13. What is the units digit of s?
6
Let m(n) = -n - 4*n - n**2 - 1 - 2*n. Let h be m(-5). Suppose 0 = 2*y - h - 11. What is the units digit of y?
0
Suppose -45 = -5*p - 8*w + 5*w, -3*p = -4*w + 2. Let u = -3 + p. What is the units digit of u?
3
Suppose -2*b + 12 = -x + 65, 3*x - 5*b = 156. What is the tens digit of x?
4
What is the units digit of (0 - 2/3)*-36?
4
Suppose -12 = w - 41. What is the tens digit of w?
2
What is the hundreds digit of 7562/57 + (-1)/(-3)?
1
Let w = 31 - 62. Let s = -14 - w. What is the units digit of s?
7
Let p = -108 + 54. Let j be 2/(-5) + p/(-10). Suppose -3*d - 7 = 5*s, 0*d = 3*d - j*s - 13. What is the units digit of d?
1
Let b be -17 - (3 - (-3 + 6)). Let y = 35 + b. What is the tens digit of y?
1
Let n = -13 + 18. Suppose 185 = n*t - 0*t. What is the units digit of t?
7
Suppose 0 = 3*b - b - 276. What is the tens digit of b?
3
Suppose z + 20 = -0*z + 5*a, 0 = -5*z + 5*a - 20. Let q = z - 0. Suppose q = -3*d + 2*c + 2*c + 34, -2*d + 8 = c. What is the units digit of d?
6
Let d(g) = -g**3 + g - 96. Let b be d(0). What is the units digit of (b/40)/((-6)/40)?
6
Let i = 17 - -31. What is the tens digit of i?
4
Let s be ((-2)/(-3))/((-2)/(-54)). Let z = 30 - s. What is the tens digit of z?
1
Let o(z) = -z**2 - 6*z. Let x be o(-4). Suppose -t = -4 - x. What is the tens digit of t?
1
Let f be (-1)/(-4) - 11/(-4). Suppose 8*i - 10 = -5*s + f*i, 2*s = 5*i + 18. Suppose -27 = -s*a - b, a + 3*b = 5*a - 15. What is the units digit of a?
6
Suppose -5*w = -5, s - 2*w + 3 = 22. Suppose s = 2*l - 3*l + 5*k, -5*l + 15 = -k. What is the units digit of l?
4
Let n(r) = r**3 - 4*r**2 - r - 2. Let j be n(5). Suppose 0 = 4*l - j - 38. What is the units digit of l?
4
Suppose z = -0*z + 60. Let f be (-86)/(-18) + (-8)/(-36). Suppose -f*s = -2*c - z, c = -5*s - c + 60. What is the units digit of s?
2
Suppose -58 = -3*f + p, -1 = f - 4*p - 13. What is the units digit of f?
0
Let g be -4 - (3 - 0)/(-3). Let y be 1/g - 32/(-6). Suppose -4*k - y*t + 4 = 0, 0 = 3*k + 3*t + 2*t - 3. What is the units digit of k?
1
Suppose o - 1 = -0. What is the units digit of o?
1
Suppose -3*k + 2*q = 13, -3*k + 0*q - 2*q - 17 = 0. Let n be k/2*(-16)/10. Suppose -n = 4*b - 5*b. What is the units digit of b?
4
What is the tens digit of -2*((-34)/4 - 2)?
2
Suppose 11 = 5*o - 9. Suppose -2*t + 10 = 2*w, 0*w = -4*t + o*w + 12. Suppose 0*g + t*g = 8. What is the units digit of g?
2
Let d(x) be the third derivative of -13*x**4/8 + x**3/3 - 8*x**2. What is the tens digit of d(-1)?
4
Let z(n) = -89*n - 14. What is the units digit of z(-3)?
3
Suppose 0*j = -j + 9. Let u(w) = w**2 - 7*w - 4. What is the tens digit of u(j)?
1
Suppose 135 = 5*v - 5*g, g - 145 = -5*v + 4*g. What is the units digit of v?
2
Let g(o) = o**3 - 4*o**2 - 16*o + 9. What is the units digit of g(7)?
4
Suppose -4*y = -6*y + 72. What is the units digit of y?
6
Let s be (-40)/(-16)*(-1 + 3). Suppose 59 = s*h - 46. Let x = h + -10. What is the units digit of x?
1
Let g(c) be the second derivative of c**4/2 + c**3/6 - c**2/2 - 3*c. Let s be g(1). Suppose 2*m - s = -0. What is the units digit of m?
3
Let m = 1 - 5. Let u be m/3*(7 - -2). What is the units digit of (2/3)/((-2)/u)?
4
Let m = -3 + 6. Suppose -4*s + 1 + 62 = 5*v, -s = -5*v + m. What is the units digit of s?
2
Let s(m) = 133*m + 15. What is the tens digit of s(2)?
8
Let n(c) = -5 + 4 + 0 + 10*c**2. What is the tens digit of n(-2)?
3
Suppose 11*s = 27*s - 2208. What is the hundreds digit of s?
1
Let j(z) = -z**2 + z + 49. What is the units digit of j(0)?
9
Suppose 0 = 6*k - k. Let z be (k - 10) + 15/5. Let y(j) = j + 8. What is the units digit of y(z)?
1
Suppose -p = -0*p + 2. What is the units digit of (2/2)/(p/(-18))?
9
Let v(y) = -54*y + 9. What is the units digit of v(-2)?
7
Let a be (-2)/9 - 4/(-18). Suppose -3*g = -w + 2*w - 31, -g + 5*w + 21 = a. What is the tens digit of g?
1
Let k(d) = -d**2 + 10*d - 3. Let q(r) = r**2 + 4*r + 1. Let l be q(-5). Let g be k(l). Suppose -5*b = a - g, 1 = 2*a + 3*b - 13. What is the units digit of a?
1
Let i(w) = -w**3 + 2*w**2 + 2. Let q = 5 - 2. Suppose -q*f = -2*f - 2. What is the units digit of i(f)?
2
Let x = -142 + 282. What is the hundreds digit of x?
1
Let h = 164 + -82. What is the tens digit of h?
8
Let o be (0 - -1)/(3/6). Suppose -o*s = 2*s - 48. What is the tens digit of s?
1
Let f(a) = -2*a + 4. Suppose -4*d = d + 30. What is the units digit of f(d)?
6
Let u(q) = 4*q**3 + q**2 + 2*q + 1. What is the tens digit of u(2)?
4
Suppose -g + 11 = 3*f - 2*g, -1 = 3*f + 5*g. Suppose 20 + 22 = f*v. What is the tens digit of v?
1
Let n(y) = -2*y + 7 - 7 - 2*y. What is the tens digit of n(-4)?
1
Suppose t + 3*t = -16. Let y be 2/2*t/2. What is the units digit of (y/5)/(3/(-45))?
6
Let i(d) = d**3 + d**2 + 0*d**3 + 0*d + d. Let m(a) = -3*a**3 + 3*a**2 + 4*a + 5. Let h(o) = -4*i(o) - m(o). What is the units digit of h(-6)?
7
Let z = -9 - -16. Suppose 5*b = z - 2. What is the units digit of b?
1
Suppose -9 = -t + 4. Suppose 3*n - 2*n - t = 0. What is the units digit of n?
3
Let t(r) = 90*r - 56. What is the tens digit of t(4)?
0
Let i(z) = -11*z**3 + z**2 - 8*z - 9. Let y(v) = -4*v**3 - 3*v - 3. Let r(a) = -3*i(a) + 8*y(a). What is the units digit of r(3)?
3
Suppose -25 = -5*s + 40. Let k = 19 - s. Suppose o - k*o = 5*h, 0 = 3*h + 2*o - 3. What is the units digit of h?
3
What is the units digit of (-3)/6*(4 